 the second derivative of 11*r**3/3 + 11*r**2/2 + 11*r + 61. Let w = 23 - 14. What is the tens digit of h(w)?
0
Let p = 9 - -1. Suppose p*r = 32 + 18. Suppose -2*w + 452 = 2*w + 2*o, r*o = -5*w + 570. What is the hundreds digit of w?
1
Suppose 0 = 2*d + d - 5*w - 329, -119 = -d - 3*w. Suppose -2*f = -5*u + 1461, 3*f - d = 4*u - 1279. Suppose 7*z - 274 = u. What is the units digit of z?
1
Suppose 194766 = 33*s + 6*s. Suppose s - 470 = 12*h. What is the hundreds digit of h?
3
Let c be 4 - (1 - (-2)/((-10)/745)). Let b = 359 - c. What is the units digit of b?
7
Let k(b) = -47*b - 149. Let v be k(5). Let f = v + 677. What is the hundreds digit of f?
2
Let f = 162 - 158. Suppose -2*a + 1910 = f*h, -10*h = -14*h - 3*a + 1913. What is the tens digit of h?
7
Suppose 0 = d + 3*b - 3979, 75*d - 2*b = 73*d + 7918. What is the tens digit of d?
6
Suppose 0 = 41*s - 5523 - 3825. Let t = 1704 - s. What is the thousands digit of t?
1
Suppose -2*j - 30 = 2*k - 6*k, 0 = -2*k - 2*j. Let d(z) = z**2 + 5*z - 28. What is the tens digit of d(k)?
2
Let p(t) = 14410*t**2 - 3*t. What is the units digit of p(-1)?
3
Let l(a) = 2*a**3 + 61*a**2 - 25*a + 66. What is the units digit of l(-30)?
6
Let n(l) = -2730*l**3 + 18*l**2 - 5*l - 18. What is the hundreds digit of n(-2)?
9
Suppose -2*j + w + 16648 = 0, 3*j = -w - 16089 + 41066. What is the units digit of j?
5
What is the thousands digit of ((-129230)/(-25))/(43/215)?
5
Let n(w) = -w**2 - 7*w + 11. Let h be n(-8). Let j(z) be the second derivative of 5*z**3/2 - 27*z**2/2 - 1072*z. What is the tens digit of j(h)?
1
Let x(c) be the first derivative of 27*c**2/2 - 31*c - 1729. Let l(k) = -k**3 - 5*k**2 - k - 2. Let f be l(-5). What is the units digit of x(f)?
0
Let n = 18987 - 9854. What is the hundreds digit of n?
1
Let f(m) = -m**3 + 9*m**2 + 2*m - 2. Let r be f(9). Suppose i + r - 22 = 0. Let c(j) = 2*j**3 - 6*j**2 - 15*j + 3. What is the hundreds digit of c(i)?
1
Suppose 2*t + 2*k - 25178 = -k, -4 = 2*k. What is the tens digit of t?
9
Let y be (12/(-2))/((-438)/84 - -5). Suppose y = 10*p - 6*p. Suppose -12 + p = -5*z. What is the units digit of z?
1
Suppose -3*t - u = 2*u - 12, -2*t - 3*u + 5 = 0. Suppose -749 = -0*x - t*x. What is the hundreds digit of x?
1
Suppose -2*l - 2*l + 5*c = -41, 5*c + 45 = 5*l. Suppose -3*a = 2*t + a - 1636, t + l*a - 826 = 0. What is the tens digit of t?
1
Suppose 11*h - 62393 - 9074 = 0. What is the thousands digit of h?
6
Suppose 4*y + 10 = 5*y. Let w = -9 + y. What is the units digit of (w + 3)/((-10)/(-235))?
4
Let j be ((-3)/(-4))/((-47)/(-188)). Suppose -4*r + 4*c = -c - 1329, 2*c = j*r - 995. What is the hundreds digit of r?
3
Let u(j) = j + 15 - 54 + 14. Let o be u(29). Suppose 0 = -2*d + i + 373, 7*i - 781 = -o*d + 2*i. What is the tens digit of d?
8
Let a = -34779 - -55525. What is the ten thousands digit of a?
2
Let d(c) = -c**2 - 18*c + 22. Let h be d(-19). What is the units digit of (-11 - -8)/((-762)/(-255) - h)?
5
Let x(g) = g**3 + 17*g**2 - 23*g - 11. Let q be x(-18). Suppose q*j = 84*j - 25. What is the tens digit of (-1 - -4) + (j - 5) + 58?
6
Let u be (9/6)/(3/12). Let i be (0 + (-64)/u)/(16/(-312)). Suppose 8*n = 6*n + i. What is the hundreds digit of n?
1
What is the tens digit of 1 + (-3 - -2) + 6192?
9
Suppose 0 = -4*y + 3 - 19. Let u be 24/4*y*(-46)/4. Suppose -u - 164 = -5*i. What is the tens digit of i?
8
Suppose 94*f = 74*f + 4160. What is the tens digit of f?
0
Suppose 11*o - 18359 = -1012. Let z = o - 966. What is the units digit of z?
1
Let f be (-9)/(-12) + 493/68. Suppose -f*x = 846 - 3286. What is the units digit of x?
5
Let j(q) = -3*q - 24. Let p be j(-8). Suppose p = 2*g - 32. Let i = g - -6. What is the tens digit of i?
2
Let d = -142 - -147. What is the tens digit of -5 + ((-4)/8)/(d/(-4320))?
2
Let c = 411 + -210. Suppose 0 = -27*s + 1767 - c. What is the units digit of s?
8
Suppose 9655294 = 199*h + 2384829. What is the units digit of h?
5
Suppose -22*u + 60 = -7*u. Suppose -3*c + 2218 = u*q, 741 = -c + 2*c + 3*q. What is the hundreds digit of c?
7
Let t be (514/3)/((-48)/72). What is the hundreds digit of -1*(7 + -5) - (t - 1)?
2
Suppose 0 = -4*h + 5*a + 176, -27 = -2*h + h - 3*a. What is the units digit of 1/(4/(-90)*h/(-676))?
0
Let i = -169 - -293. Suppose 4*f + 142 = -2*k, 2*k = f + 3*k + 38. Let n = i + f. What is the tens digit of n?
9
Let q(k) be the third derivative of -7/24*k**4 + 53/6*k**3 + 3*k**2 + 5 + 0*k. What is the units digit of q(-24)?
1
Suppose -22*m + 84 = 6*m. Suppose -2*z + 45 = -5*t - 358, 0 = m*t + 3. What is the hundreds digit of z?
1
Let w = -82 - -85. Suppose -5*j + j + 637 = w*q, 4*q - 5*j = 901. What is the tens digit of q?
1
Let x = 27 - 49. Let d = 27 + x. Suppose -d*u = -2*s - 718, 552 = 3*u + s + 130. What is the tens digit of u?
4
Suppose -w - 9*u = -11*u - 1996, w = -u + 1987. Let o = -1030 + w. What is the tens digit of o?
6
Let q(b) = -9*b**3 - 2*b**2 + b + 2. Let k be q(-2). Let f(v) = -7*v - 41. Let n be f(-12). Let l = k - n. What is the tens digit of l?
2
Suppose 39*c = 2*b + 38*c - 40284, -5*b = 4*c - 100710. What is the units digit of b?
2
Let l = 45 + -43. Suppose 2*t - g = 9, 34 = 5*t - 4*g + 10. Suppose s + l*n = 225, -3*n - 447 = -2*s - t*n. What is the tens digit of s?
2
Suppose 9*z + 2255 = -2533. Let r = 533 + z. What is the units digit of r?
1
Suppose 0 = 3*v - 0*v + 1746. Let d = -398 - v. What is the hundreds digit of d?
1
Let p(y) = y + 11. Let z be p(0). What is the hundreds digit of 622 - (z + -14)/((-6)/(-4))?
6
Suppose -10 = 5*n + 5. Let h be n + 3/(((-84)/(-8))/7). What is the units digit of -1 - ((h - 1) + -75)?
6
Let m = -10905 - -12944. What is the hundreds digit of m?
0
Let t be (-100)/(-175) + 20/14. What is the hundreds digit of ((-24)/t)/(4*10/(-1420))?
4
Suppose -2*z = -2*c + 358, 4*z + 537 = 3*c + 9*z. Let w = c + 216. What is the tens digit of w?
9
Let m = 183 - 182. What is the units digit of (-11544)/(-56) - m/7?
6
Let s be (0 - 3)*(-9 - 310/(-30)). What is the units digit of (-1096)/(-54)*6 + s/(-18)?
2
Let p = -120 - -124. Suppose 3*q = 7*q - 12, -p*q = -5*j + 7563. Suppose 11*n = -85 + j. What is the hundreds digit of n?
1
Let i = 2499 - -1126. What is the thousands digit of i?
3
Suppose -231*z = -6067810 - 12778094. What is the ten thousands digit of z?
8
Suppose -4*t - 28699 = 4*l + 16801, 3*t = 3. What is the hundreds digit of l/(-14) - (-48)/(-84)?
8
Let j(f) = -f**2 + 5*f + 35. Let o be j(10). Let p(t) = t**3 + 21*t**2 + 16*t - 39. What is the hundreds digit of p(o)?
0
Let o(j) = -97*j**3 - 6*j**2 + 5*j + 7. Let r be o(-2). Let f = -435 + r. What is the hundreds digit of f?
3
Suppose 2*l + 8 = 4*l - 2*y, -l - 3*y = 0. Suppose -l*n + 1923 = -0*n + 3*v, -3*n + 4*v = -1951. What is the hundreds digit of n?
6
Suppose -5*k + 120766 = 6*h, -30*k + 28*k - 8 = 0. What is the units digit of h?
1
Suppose -39 = -5*f - 39. Suppose 53*m - 31*m - 17930 = f. What is the hundreds digit of m?
8
What is the units digit of (157 - -158831)/((-6 - 0)/(-2))?
6
Let c be 2/(-10) + 1144/(-130). Suppose 39 = 4*h - 17. Let i = c + h. What is the units digit of i?
5
Let z(u) = 6*u**2 - 59*u - 809. What is the tens digit of z(45)?
8
Let m be 10 + (-17)/10*3 + 83/830. Let a be ((-33)/9)/(2/(-6)). Suppose -396 = -a*k + m*k. What is the tens digit of k?
6
Let l be 184/22 + (-8)/22. Let b be 7/(-1) + 1 - 0. What is the tens digit of 4/b*12/l*-271?
7
Suppose 112*d - 131*d - 1110 = -29306. What is the tens digit of d?
8
Suppose -4*h + 3*x + 205433 = 0, h + 4*x - 17991 = 33391. What is the units digit of h?
2
Let l(v) = -61*v - 10. Let k be 36/30*(-20)/(-4). Suppose k = 4*n + 14. What is the tens digit of l(n)?
1
Suppose 601659 = 96*v - 375813. What is the thousands digit of v?
0
Let z = 168 - 162. What is the tens digit of (2/z)/(2/996)?
6
Let d(z) = 8*z**2 - 12*z + 6. Let q be 5/2 + 6/12. What is the units digit of d(q)?
2
Suppose 0 = 4*l + 49 + 59. Let i(v) = -4*v**3 - 26*v**2 - 3*v + 13. Let w be i(-5). Let k = l - w. What is the tens digit of k?
9
What is the thousands digit of (-2103540)/(-200)*(-180)/(-27)?
0
Let s(b) = b + 1. Suppose 0*t + 4*i = 5*t - 6, t - 2*i = 6. Let f be s(t). What is the tens digit of f/(-2) + (-148)/(-8)?
1
Let y(w) be the third derivative of -1/4*w**4 - 1/3*w**3 + w**2 + 